y)/(3 + -4).
7
Let y = 64 - -84. What are the prime factors of y?
2, 37
Let j = 122 - -167. What are the prime factors of j?
17
Let y(z) be the first derivative of z**6/180 - z**5/20 + z**4/4 + z**3 + 2. Let o(d) be the third derivative of y(d). What are the prime factors of o(4)?
2, 7
Suppose -2*i + 3*t = -447, 3*i = -5*t + 6*t + 653. List the prime factors of i.
2, 3
Let f(i) = i**3 - i**2 - i + 2. Let y = 11 - 6. Suppose -y*z + 14 = -t - 0*t, 0 = -5*z + 5*t + 30. List the prime factors of f(z).
2
Let t = 15 + 7. What are the prime factors of t?
2, 11
Let k = 37 - 17. Let d = k + 2. List the prime factors of d.
2, 11
What are the prime factors of 88/(-6)*(-16 - -7)?
2, 3, 11
Let f = 19 + -28. Let u(t) = -5*t**2 + 16*t - 15. Let d(n) = 2*n**2 - 8*n + 8. Let g(j) = 7*d(j) + 3*u(j). What are the prime factors of g(f)?
2
Let m be (-5 - -1)*36/16. What are the prime factors of m/(-6)*(-4)/(-3)?
2
Let q = 294 - 173. Suppose -2*n - 3*b = -87, 0 = 3*n - 0*b - 5*b - q. Let c = n - 29. List the prime factors of c.
13
Let u(g) = g**2 + 2*g + 35. What are the prime factors of u(0)?
5, 7
Suppose 5 = -2*k + 57. Suppose 8*n = -16 - 88. Let d = n + k. List the prime factors of d.
13
Suppose -240 = -7*a + 40. List the prime factors of a.
2, 5
Let m be (-82)/(-26) + 8/(-52). Suppose 4*b = -0*b + 2*f + 20, -22 = -m*b + 5*f. List the prime factors of b.
2
Suppose -4*j - 5*w + 0*w = 73, -14 = 2*j - 2*w. Let c = 6 + -12. Let m = c - j. What are the prime factors of m?
2, 3
Suppose 0*a - a = -16. What are the prime factors of a?
2
Suppose 630 = -13*d + 1839. List the prime factors of d.
3, 31
Suppose 5*x = -4*i + 22, 3*i = -x - 0 + 11. Let b(z) = 5*z - 2. Let f be b(5). Suppose p + p = i*c + f, 4*c + 26 = 2*p. What are the prime factors of p?
7
Let t(q) = -q**3 - 2*q**2 + 3*q + 3. Let g be 14/(-6) + (-6)/9. Let u be t(g). Suppose u*b - 31 = 2. What are the prime factors of b?
11
Suppose 0 = 2*v - 14 - 50. Suppose -d = -3*d + v. Suppose r + d = 3*r. List the prime factors of r.
2
Suppose n = 66 + 18. Suppose l + 3*c = -c + 10, -5*c = 4*l - n. List the prime factors of l.
2, 13
Let p be -4*((-45)/(-12) + 0). Suppose -h + r + 11 = -3*h, -9 = h - 3*r. Let j = h - p. List the prime factors of j.
3
Let h(b) = b**3 + 12*b**2 - 2*b - 17. Let s be h(-12). Suppose 2*i - 104 = -5*z, 2*z + 5*i = s + 43. What are the prime factors of z?
2, 5
Suppose -3*w + w + 32 = 0. What are the prime factors of w?
2
Let o(s) = 2*s - 4. Let h = 1 - -3. Let n be o(h). Suppose n*g - 13 = 27. List the prime factors of g.
2, 5
Let s(j) = 6*j - 3. Let g be s(6). Suppose -3*n + g = -15. Let f = n - 4. List the prime factors of f.
2, 3
Suppose 3*d - 3 = -3*z, 4*z + 2 = -5*d + 6. Let r(b) = b**2 - b + 49. List the prime factors of r(d).
7
Suppose -3*b + b = -250. What are the prime factors of b?
5
Let q = 4 + 7. List the prime factors of q - -4*4/(-8).
3
Let x(z) = -2*z - 3. Let n(u) = 6*u + 9. Let r(p) = 4*n(p) + 11*x(p). What are the prime factors of r(10)?
23
Let o(i) = -i + 4. Let f be o(6). Let k be 19/(-2)*(0 + f). Suppose 5*l = -5*h + 50, 4*l + 0 = -h + k. What are the prime factors of h?
7
Suppose -u = 4*o - 19, 7*o = 3*o + 2*u + 10. Suppose -o*d = -d + 600. What are the prime factors of 1/(-2)*d/5?
2, 5
Let j = 91 + -62. What are the prime factors of j?
29
Let k(j) = -j. Let x be k(-5). Suppose 5*t = 144 + 121. Suppose 4*n + x*m - 5 = 18, 4*n = m + t. What are the prime factors of n?
2, 3
Let k be 0 + (-3 - 1 - -2). Let w = k + 2. Suppose w = -3*f + f + 12. What are the prime factors of f?
2, 3
Suppose 417 + 114 = 3*b. What are the prime factors of b?
3, 59
Let q = -3 - -6. Suppose -2 = -q*u + 10. What are the prime factors of u?
2
Suppose 0 = -3*f - 3*d + 240, -2*f = d - 2*d - 169. Let k = 126 - f. List the prime factors of k.
43
Let w(q) = 5*q**3 - q + 2. Let y(p) = -p**3 + p**2 - p. Let z(c) = w(c) + 3*y(c). What are the prime factors of z(2)?
2, 11
Suppose -3*k = -0*k - 105. Let y(r) = 2*r - 6. Let z be y(5). Suppose 0*t + k = z*n - t, 2*n + 4*t = 4. What are the prime factors of n?
2
Let k be (-3)/((3 + -4)*1). Suppose 3*j = 15, 2*j - 35 = -4*z + k*j. List the prime factors of z.
2, 5
Let c(s) be the third derivative of s**4/12 + s**3/2 - 2*s**2. What are the prime factors of c(5)?
13
Let s(r) = 2*r + 2. Let c be s(-6). Let z(p) = p + 14. Let q be z(7). Let g = q + c. What are the prime factors of g?
11
Suppose 0 = -2*q + 5*v + 51, -4*v = -2*q + 4 + 48. Suppose -4*g + 14 = -7*g - 4*s, 0 = -4*g - 3*s - q. Let y = 24 + g. List the prime factors of y.
2, 7
Let z(w) = -w**3 - 3*w**2 + 7*w + 6. Let i be z(-5). Let p = i - 30. What are the prime factors of -17*(p/(-3))/(-3)?
17
Let b = -3 - -2. Let g be b/(-1)*(0 - -1). Let x = 5 + g. What are the prime factors of x?
2, 3
Suppose -o - 34 = -5*d - 4, -d - 15 = 4*o. Let n(j) = -j**2 + 7*j - 6. List the prime factors of n(d).
2
Let l = 10 - 4. Let i(f) = -l*f - 2 - 12*f**2 + 13*f**2 + 4. List the prime factors of i(7).
3
Suppose 0 = 2*n + 10, 4*n + 55 = -5*g + 10*g. What are the prime factors of g?
7
Let x be ((-8)/(-3))/((-6)/(-36)). Suppose -2*w + 0*w + x = -4*u, -w = -4*u - 4. Suppose -w + 2 = -2*b. List the prime factors of b.
5
Let x(v) be the second derivative of -v**3/2 - 5*v**2 - 3*v. What are the prime factors of x(-6)?
2
Let n = -8 - -13. Suppose 44 = n*p - 16. What are the prime factors of p?
2, 3
Suppose 3*g - g = c + 10, 0 = 2*c - 5*g + 22. What are the prime factors of (-267)/c + 1/2?
3, 5
Suppose -2*z = 5*d - 702, 0*z - 5*z = -d + 162. List the prime factors of d.
2, 71
Let t = -24 + -86. Let w = t - -157. Suppose 4*h - w = 3*d, h - d = 2*h - 17. List the prime factors of h.
2, 7
Suppose 186 = 14*y - 2684. What are the prime factors of y?
5, 41
What are the prime factors of (-1 + 3 + -6)*(-226)/8?
113
Let t(c) = c**3 + 10*c**2 - 15*c - 14. Let z be t(-11). Suppose z = 4*i - 22. List the prime factors of i.
13
Suppose 10*p - 8*p + 36 = 0. Let d = p - -45. List the prime factors of d.
3
Let z(q) = -q**2 + 2. Let f be z(0). Let p(a) = -2*a**2 + 10 + 7*a + a**f - 2. List the prime factors of p(7).
2
Suppose -q + 88 = q. What are the prime factors of q?
2, 11
List the prime factors of -2*(-4)/((-32)/(-60)).
3, 5
Let h be 1/2*0 - -5. Suppose 4*n - h*q = 7*n - 63, -20 = -2*n + 4*q. What are the prime factors of n?
2
Suppose 2*l = 2*d - 4, -2*d = d + 5*l - 6. Suppose -3*o + r - 19 = -97, -3*o - d*r = -87. What are the prime factors of o?
3
Let o(r) = 7*r**2 - 21*r + 5. What are the prime factors of o(-6)?
383
Let x(d) = -d**2 + 2*d + 1. Let y be x(3). What are the prime factors of -1 - ((y - -1) + -21)?
3, 7
Let h be ((-9)/6)/((-3)/138). Suppose -n = -4*n + h. What are the prime factors of n?
23
Let i = 75 + -43. What are the prime factors of i?
2
Let w(r) = r**3 - r**2 - r + 1. Let j(g) = 3*g**3 + 7*g**2 - 11*g + 4. Let h(u) = -j(u) + 2*w(u). List the prime factors of h(-10).
2
Suppose -4*a + 12 = -8*a. Let z be 2/a + 17/3. Suppose 23 = 3*k - 2*p, z*k - 51 = -2*p - p. List the prime factors of k.
3
Let b = -17 - -45. What are the prime factors of b?
2, 7
Let i(u) = -2*u - 2. Let f(z) = -5*z + 9. Let j be f(-8). Let h be (-24)/14 + (-14)/j. What are the prime factors of i(h)?
2
Suppose 0 = 4*s - 1 - 15. Let r(m) = m**3 - 4*m**2 + 3*m + 2. List the prime factors of r(s).
2, 7
Suppose -3*x = -29 - 715. What are the prime factors of x?
2, 31
Let v = 177 + -101. Let u = v - 52. List the prime factors of u.
2, 3
Suppose 4*k + 1 = -5*s - 16, -11 = 2*k + 5*s. What are the prime factors of (k/(-2))/(2/8)?
2, 3
Let i = -1 - -4. Suppose -5*w + 3*t - 2 = -42, 0 = -i*t. What are the prime factors of 162/w + (-4)/16?
2, 5
Let f(z) = 3*z**3 - 3*z**2 + 4*z + 2. Let h(a) = -8*a**3 + 9*a**2 - 11*a - 5. Let k(o) = 11*f(o) + 4*h(o). What are the prime factors of k(-3)?
2
Suppose -4*z = -0*z + 20. Let b(s) = -s**3 - 4*s**2 + 4*s - 1. Let x be b(z). Suppose -x*t - 6 = -30. List the prime factors of t.
2, 3
Let w = 9 + -1. Let r = w + -22. List the prime factors of (-7)/r*38*1.
19
Let s = 5 - 3. List the prime factors of (0 + s)/(-1) - -23.
3, 7
Let c = 22 - 34. List the prime factors of (c/3 - -50) + -1.
3, 5
Let z be 0/(1/((-3)/6)). Suppose z*r - r + 14 = 0. Let k = -5 + r. What are the prime factors of k?
3
Let n(q) = 7*q + 1. Let d = 3 - -1. List the